821?
3659
In base 15, what is 13c6 + 102?
14c8
In base 3, what is -1 + 1220120111200?
1220120111122
In base 11, what is -a9a30 - -2?
-a9a29
In base 7, what is 4231 + 124?
4355
In base 6, what is 13215 + -12?
13203
In base 3, what is -1210102 + -12111?
-1222220
In base 8, what is -21 + -33571?
-33612
In base 16, what is -747 + 426?
-321
In base 3, what is 11211222122010 + -10?
11211222122000
In base 15, what is 75 + -729a?
-7225
In base 2, what is 100 - -1101001000010101?
1101001000011001
In base 9, what is -22 + -17066?
-17088
In base 9, what is -2000 + 402?
-1487
In base 15, what is 4 - 763d1?
-763cc
In base 11, what is 5 - 345907?
-345902
In base 7, what is 601534 - -1?
601535
In base 16, what is -3 - -f79?
f76
In base 4, what is -22311 - 10?
-22321
In base 2, what is -1011000000 - -111000001?
-11111111
In base 12, what is 5 + 927?
930
In base 5, what is -3 - -2202333?
2202330
In base 14, what is -3279 - -45?
-3234
In base 8, what is -164346 + -7?
-164355
In base 9, what is 788060 + 4?
788064
In base 7, what is 255144 + 4?
255151
In base 12, what is -4 + -31a387?
-31a38b
In base 7, what is 135053 - 4?
135046
In base 14, what is -cdbba + -3?
-cdbbd
In base 16, what is -3 + f24?
f21
In base 16, what is f5ca + -7?
f5c3
In base 10, what is -9031 - 1?
-9032
In base 4, what is 2 + -202012?
-202010
In base 7, what is -3 + 136053?
136050
In base 12, what is 24285 - -1?
24286
In base 11, what is -4 - -21608?
21604
In base 7, what is -3 + -14361526?
-14361532
In base 15, what is -a25e - -3?
-a25b
In base 8, what is 7641235 + 1?
7641236
In base 3, what is -21112022110 - -1?
-21112022102
In base 2, what is 100010010 + -11100110010000?
-11100001111110
In base 6, what is -5 + 41403?
41354
In base 3, what is 120 - -1022122?
1100012
In base 16, what is -d84 - -1a?
-d6a
In base 6, what is -1503 - -540?
-523
In base 7, what is -6 + -143364?
-143403
In base 16, what is 0 + c024?
c024
In base 16, what is -3ca - -3cb?
1
In base 9, what is 512 - 1185?
-573
In base 8, what is -2 - 74200?
-74202
In base 14, what is -4a + -134a?
-1396
In base 12, what is 2859 + 5?
2862
In base 12, what is 14 + 3ab03?
3ab17
In base 12, what is 3 - 158844?
-158841
In base 13, what is -5 + -11b0?
-11b5
In base 15, what is -523 - -192d?
140a
In base 2, what is -100100010011 - 111?
-100100011010
In base 7, what is -113 - 120554?
-121000
In base 8, what is -11 + -253247?
-253260
In base 6, what is -4021 + -30422?
-34443
In base 6, what is 14501535 - 5?
14501530
In base 12, what is -45 - 7736?
-777b
In base 7, what is 4134 + -436?
3365
In base 12, what is -16329 - 7?
-16334
In base 7, what is 2 - -204635?
204640
In base 12, what is -45 - -74510?
74487
In base 7, what is -5 - -304011?
304003
In base 12, what is 7 - 358?
-351
In base 2, what is 100000011101001 - 1?
100000011101000
In base 6, what is -120111 - 1114?
-121225
In base 8, what is -417067 - 4?
-417073
In base 2, what is -1101101011111100110 + 11?
-1101101011111100011
In base 12, what is -2356 - 37?
-2391
In base 2, what is -101 - -1000010000100010110?
1000010000100010001
In base 12, what is 14871 - 4?
14869
In base 12, what is 2689 + 107?
2794
In base 15, what is -5 + 86120?
8611a
In base 12, what is 0 - 1a1b7?
-1a1b7
In base 13, what is -4 + 1ca79b?
1ca797
In base 13, what is 13 + -773b?
-7728
In base 2, what is -111000 - 100111101111101?
-100111110110101
In base 11, what is -27 - -2a728?
2a701
In base 13, what is c1 + -39?
85
In base 4, what is 2331 - 10222000?
-10213003
In base 9, what is -4 - -11601?
11586
In base 12, what is 330702 - -3?
330705
In base 16, what is -7 - -4039?
4032
In base 7, what is 61450 - -5?
61455
In base 14, what is 28 - -50d1?
5119
In base 13, what is 126 + 61b?
744
In base 7, what is -6630 + 1343?
-5254
In base 8, what is -73057 - -2?
-73055
In base 3, what is -2012 + 100120?
21101
In base 11, what is 795170 + 2?
795172
In base 4, what is 2133100233 + -10?
2133100223
In base 14, what is -12a + 26?
-104
In base 7, what is 62 + -22240?
-22145
In base 15, what is 33b94 + 4?
33b98
In base 6, what is 32130 + 13?
32143
In base 11, what is 107014a + -5?
1070145
In base 6, what is 1505 + -2014?
-105
In base 2, what is 1010111101110101 - 10010?
1010111101100011
In base 12, what is 2 - -60a3?
60a5
In base 11, what is -5 - 455746?
-455750
In base 13, what is a78 + -3?
a75
In base 10, what is -5377 - -107?
-5270
In base 15, what is 37c - 38?
344
In base 3, what is 212020 + 2002111?
2221201
In base 6, what is -30523 - 104?
-31031
In base 14, what is bab + -98?
b13
In base 16, what is -a0f + -13c?
-b4b
In base 2, what is -10001001 + 10101110?
100101
In base 5, what is -32342424 - 0?
-32342424
In base 3, what is -22002221 - 2202?
-22012200
In base 14, what is -35023 - -3?
-35020
In base 9, what is -1767 - -22?
-1745
In base 2, what is 1100000110 - 100001010111?
-10101010001
In base 10, what is 7561 - 128?
7433
In base 2, what is -11001000010111 + -10011?
-11001000101010
In base 8, what is 243764 - -3?
243767
In base 15, what is 0 - -12676e?
12676e
In base 13, what is 5 + -199a?
-1995
In base 15, what is -11d5 + 20?
-11b5
In base 11, what is 4 + -52535?
-52531
In base 8, what is -112 + 46771?
46657
In base 3, what is -12101 - 20112?
-102220
In base 9, what is -22805 - -3?
-22802
In base 9, what is -16386 + 2?
-16384
In base 13, what is -712 - 47?
-759
In base 2, what is 1011001010100100 - 10?
1011001010100010
In base 11, what is -15a3 + 9?
-1595
In base 15, what is -2 + 8758?
8756
In base 13, what is 9591 - -1c?
95b0
In base 7, what is 15551 + 62?
15643
In base 8, what is 112 - -1237?
1351
In base 14, what is 25c976 + -1?
25c975
In base 7, what is -112304 + 24?
-112250
In base 4, what is 300330322 + 1?
300330323
In base 15, what is b482d - -3?
b4831
In base 11, what is -8 + -10921?
-10929
In base 4, what is 3 - -2231032002?
2231032011
In base 5, what is 2024 + 3240?
10314
In base 3, what is 1012211 - 10000011?
-1210100
In base 12, what is -ab - 273b?
-282a
In base 4, what is -1 - 11013112?
-11013113
In base 3, what is -1 - 2020220122120?
-2020220122121
In base 10, what is -154 + 12158?
12004
In base 10, what is -546 - -20?
-526
In base 14, what is -5 + 4833?
482c
In base 16, what is -57 + -983?
-9da
In base 14, what is -59886 - -3?
-59883
In base 6, what is -4 + -23454?
-23502
In base 10, what is 12030 - -1?
12031
In base 9, what is 703 - -27?
731
In base 11, what is -109a80 - 11?
-109a91
In base 4, what is 10110 + -111013?
-100303
In base 8, what is -433 - 557?
-1212
In base 2, what is 10001 + 10000100110?
10000110111
In base 16, what is -2 - -88a3?
88a1
In base 6, what is -5 - -315100?
315051
In base 5, what is 1323121 - 301?
1322320
In base 5, what is 10 - -1020231?
1020241
In base 4, what is -310 + 1122230?
1121320
In base 9, what is 1057478 - -5?
1057484
In base 7, what is 2431201 + -2?
2431166
In base 4, what is -2 - -1013223?
1013221
In base 12, what is -194a - -11?
-1939
In base 6, what is 1 - -313024?
313025
In base 7, what is 26 + 63223?
63252
In base 5, what is -1042 + 140030?
133433
In base 16, what is -e + -339?
-347
In base 10, what is -76942 - -3?
-76939
In base 10, what is 3328 - 57?
3271
In base 3, what is -22 + -1101002020?
-1101002112
In base 15, what is -5 + 5563?
555d
In base 6, what is -31 - 2051?
-2122
In base 9, what is 734 + -1087?
-253
In base 16, what is 1 - 63228?
-63227
In base 13, what is -13269 + 0?
-13269
In base 14, what is 3b97 - -6?
3b9d
In base 12, what is -5 - -31477?
31472
In base 16, what is b31a + 54?
b36e
In base 14, what is 5bd + 130?
70d
In base 6, what is 123442350 + 1?
123442351
In base 4, what is 0 - 2100103313?
-2100103313
In base 13, what is -3 - -6796?
6793
In base 14, what is 29 - -593?
5bc
In base 9, what is 50 + 14205?
14255
In base 8, what is -256 - -5032?
4554
In base 5, what is 21 - -121020?
121041
In base 11, what is -1548 + 578?
-a80
In base 5, what is -241 + 341042?
340301
In base 9, what is -8 + 250132?
250123
In base 4, what is 11011 - 32013?
-21002
In base 3, what is -2221202 + 120211?
-2100221
In base 3, what is -21112020 + 2?
-21112011
In base 16, what is -2 - 130a1?
-130a3
In base 13, what is -16 - -26c10?
26bc7
In base 7, what is -3036054 + -3?
-3036060
In base 3, what is -1002201 - 110212?
-1120120
In base 8, what is 4 + -100241?
-100235
In base 2, 